{"id":2662,"date":"2020-05-21T23:53:33","date_gmt":"2020-05-21T23:53:33","guid":{"rendered":"http:\/\/eftagrup.com.tr\/?page_id=2662"},"modified":"2020-07-09T11:58:41","modified_gmt":"2020-07-09T11:58:41","slug":"surdurulebilirlik-ilkesi","status":"publish","type":"page","link":"https:\/\/eftagrup.com.tr\/index.php\/surdurulebilirlik-ilkesi\/","title":{"rendered":"S\u00fcrd\u00fcr\u00fclebilirlik ilkesi"},"content":{"rendered":"<p>[vc_row wrap_container=&#8221;yes&#8221; is_section=&#8221;yes&#8221; section_skin=&#8221;parallax&#8221; remove_margin_top=&#8221;yes&#8221; remove_border=&#8221;yes&#8221; el_id=&#8221;whoweare&#8221;][vc_column el_class=&#8221;mb-5 mb-lg-0&#8243;][vc_custom_heading text=&#8221; \u201c\u2026yarar sa\u011flarken \u00f6ncelikle zarar verme\u2026\u201d ilkesi ile insana ve do\u011faya sayg\u0131l\u0131 olma EFTA Grup s\u00fcrd\u00fcrebilirli\u011finin ana temas\u0131d\u0131r.<\/p>\n<p>M\u00fc\u015fterisini ve \u00e7al\u0131\u015fan\u0131n\u0131 ailenin bir bireyi olarak g\u00f6ren yakla\u015f\u0131mla \u00e7al\u0131\u015fmaktay\u0131z\u2026<\/p>\n<p>S\u00fcrd\u00fcr\u00fclebilirlik, \u015firket stratejimizin \u00f6nemli b\u0131r unsurudur. S\u00fcrd\u00fcr\u00fclebilirlik anlay\u0131\u015f\u0131m\u0131z; ekonomik ba\u015far\u0131, d\u00fcr\u00fcstl\u00fck, sayg\u0131 ve sorumluluk prensipleri temelinde kurulmu\u015ftur.<\/p>\n<p>D\u00fcnyan\u0131n k\u00fc\u00e7\u00fck bir k\u00f6y oldu\u011fu ve bu d\u00fcnya k\u00f6y\u00fcn\u00fcn do\u011fas\u0131n\u0131n insanlar i\u00e7in ya\u015famsal \u00f6neme sahip oldu\u011fu, d\u00fcnyan\u0131n insans\u0131z olabilece\u011fi ancak bizim onsuz olamayaca\u011f\u0131m\u0131z\u0131 biliyoruz\u2026<\/p>\n<p>Verimlili\u011fi \u00f6n planda tutman\u0131n ve israf\u0131 \u00f6nlemenin bize sunulan kaynaklar\u0131 korumada katk\u0131 sa\u011flad\u0131\u011f\u0131 inanc\u0131nday\u0131z.<\/p>\n<p>Kurumsal vatanda\u015f olman\u0131n gereklerinin fark\u0131nda olarak \u00fclkemize hizmet etme varolu\u015f amac\u0131m\u0131z\u2026<\/p>\n<p>Sorumluluklar\u0131m\u0131z\u0131n uzun soluklu basiretli \u00e7al\u0131\u015fmalar ile ba\u015far\u0131ya ula\u015faca\u011f\u0131n\u0131n fark\u0131nday\u0131z\u2026<\/p>\n<p>\u0130tibar\u0131n garantisi kalite oldu\u011funun bilincindeyiz\u2026<\/p>\n<p>&#8221; font_container=&#8221;tag:p|font_size:16.8|text_align:left|line_height:1.9&#8243; use_theme_fonts=&#8221;yes&#8221; animation_delay=&#8221;500&#8243; css=&#8221;.vc_custom_1594295920044{margin-bottom: 40px !important;}&#8221; el_class=&#8221;pr-5&#8243;][\/vc_column][\/vc_row]<\/p>\n","protected":false},"excerpt":{"rendered":"<p>[vc_row wrap_container=&#8221;yes&#8221; is_section=&#8221;yes&#8221; section_skin=&#8221;parallax&#8221; remove_margin_top=&#8221;yes&#8221; remove_border=&#8221;yes&#8221; el_id=&#8221;whoweare&#8221;][vc_column el_class=&#8221;mb-5 mb-lg-0&#8243;][vc_custom_heading text=&#8221; \u201c\u2026yarar sa\u011flarken \u00f6ncelikle zarar verme\u2026\u201d ilkesi ile insana ve do\u011faya sayg\u0131l\u0131 olma EFTA Grup s\u00fcrd\u00fcrebilirli\u011finin ana temas\u0131d\u0131r. M\u00fc\u015fterisini ve \u00e7al\u0131\u015fan\u0131n\u0131 ailenin bir bireyi olarak g\u00f6ren yakla\u015f\u0131mla \u00e7al\u0131\u015fmaktay\u0131z\u2026 S\u00fcrd\u00fcr\u00fclebilirlik, \u015firket stratejimizin \u00f6nemli b\u0131r unsurudur. S\u00fcrd\u00fcr\u00fclebilirlik anlay\u0131\u015f\u0131m\u0131z; ekonomik ba\u015far\u0131, d\u00fcr\u00fcstl\u00fck, sayg\u0131 ve sorumluluk prensipleri temelinde kurulmu\u015ftur. D\u00fcnyan\u0131n [&hellip;]<\/p>\n","protected":false},"author":1,"featured_media":0,"parent":0,"menu_order":0,"comment_status":"closed","ping_status":"closed","template":"","meta":{"footnotes":""},"class_list":["post-2662","page","type-page","status-publish","hentry"],"aioseo_notices":[],"_links":{"self":[{"href":"https:\/\/eftagrup.com.tr\/index.php\/wp-json\/wp\/v2\/pages\/2662","targetHints":{"allow":["GET"]}}],"collection":[{"href":"https:\/\/eftagrup.com.tr\/index.php\/wp-json\/wp\/v2\/pages"}],"about":[{"href":"https:\/\/eftagrup.com.tr\/index.php\/wp-json\/wp\/v2\/types\/page"}],"author":[{"embeddable":true,"href":"https:\/\/eftagrup.com.tr\/index.php\/wp-json\/wp\/v2\/users\/1"}],"replies":[{"embeddable":true,"href":"https:\/\/eftagrup.com.tr\/index.php\/wp-json\/wp\/v2\/comments?post=2662"}],"version-history":[{"count":3,"href":"https:\/\/eftagrup.com.tr\/index.php\/wp-json\/wp\/v2\/pages\/2662\/revisions"}],"predecessor-version":[{"id":2750,"href":"https:\/\/eftagrup.com.tr\/index.php\/wp-json\/wp\/v2\/pages\/2662\/revisions\/2750"}],"wp:attachment":[{"href":"https:\/\/eftagrup.com.tr\/index.php\/wp-json\/wp\/v2\/media?parent=2662"}],"curies":[{"name":"wp","href":"https:\/\/api.w.org\/{rel}","templated":true}]}}